82?
2, 3691
What are the prime factors of 73217?
211, 347
List the prime factors of 3593.
3593
List the prime factors of 2340.
2, 3, 5, 13
List the prime factors of 16307.
23, 709
List the prime factors of 4109.
7, 587
What are the prime factors of 7706?
2, 3853
What are the prime factors of 328?
2, 41
What are the prime factors of 11110?
2, 5, 11, 101
What are the prime factors of 3492?
2, 3, 97
What are the prime factors of 39699?
3, 11, 401
What are the prime factors of 13819?
13, 1063
What are the prime factors of 1140?
2, 3, 5, 19
List the prime factors of 2667.
3, 7, 127
What are the prime factors of 2701?
37, 73
List the prime factors of 19658.
2, 9829
List the prime factors of 7480.
2, 5, 11, 17
What are the prime factors of 1473?
3, 491
What are the prime factors of 53132?
2, 37, 359
What are the prime factors of 2083?
2083
What are the prime factors of 9714?
2, 3, 1619
List the prime factors of 5390.
2, 5, 7, 11
List the prime factors of 70024.
2, 8753
List the prime factors of 1123.
1123
List the prime factors of 1318.
2, 659
What are the prime factors of 15269?
15269
What are the prime factors of 12819?
3, 4273
List the prime factors of 10638.
2, 3, 197
What are the prime factors of 7114?
2, 3557
List the prime factors of 16724.
2, 37, 113
List the prime factors of 124960.
2, 5, 11, 71
List the prime factors of 103778.
2, 19, 2731
List the prime factors of 12412.
2, 29, 107
List the prime factors of 79054.
2, 29, 47
What are the prime factors of 24265?
5, 23, 211
List the prime factors of 75056.
2, 4691
What are the prime factors of 2594?
2, 1297
What are the prime factors of 496?
2, 31
What are the prime factors of 654?
2, 3, 109
What are the prime factors of 44356?
2, 13, 853
List the prime factors of 48859.
48859
List the prime factors of 4511.
13, 347
List the prime factors of 86856.
2, 3, 7, 11, 47
List the prime factors of 42044.
2, 23, 457
List the prime factors of 51444.
2, 3, 1429
What are the prime factors of 884?
2, 13, 17
List the prime factors of 449.
449
What are the prime factors of 3709?
3709
What are the prime factors of 80938?
2, 11, 13, 283
What are the prime factors of 26418?
2, 3, 7, 17, 37
List the prime factors of 1263.
3, 421
List the prime factors of 123.
3, 41
List the prime factors of 1077.
3, 359
What are the prime factors of 7535?
5, 11, 137
List the prime factors of 8543.
8543
What are the prime factors of 26870?
2, 5, 2687
What are the prime factors of 2204?
2, 19, 29
What are the prime factors of 8194?
2, 17, 241
List the prime factors of 23713.
23, 1031
What are the prime factors of 1227?
3, 409
What are the prime factors of 7933?
7933
What are the prime factors of 26446?
2, 7, 1889
What are the prime factors of 4095?
3, 5, 7, 13
List the prime factors of 3048.
2, 3, 127
List the prime factors of 4254.
2, 3, 709
What are the prime factors of 26025?
3, 5, 347
What are the prime factors of 77139?
3, 2857
List the prime factors of 944.
2, 59
What are the prime factors of 2827?
11, 257
List the prime factors of 2698.
2, 19, 71
What are the prime factors of 3873?
3, 1291
What are the prime factors of 1751?
17, 103
List the prime factors of 3586.
2, 11, 163
What are the prime factors of 10433?
10433
List the prime factors of 575.
5, 23
List the prime factors of 51973.
51973
List the prime factors of 6213.
3, 19, 109
What are the prime factors of 125?
5
What are the prime factors of 2713?
2713
List the prime factors of 19330.
2, 5, 1933
List the prime factors of 25770.
2, 3, 5, 859
What are the prime factors of 61395?
3, 5, 4093
List the prime factors of 35687.
127, 281
List the prime factors of 66597.
3, 79, 281
List the prime factors of 1412.
2, 353
What are the prime factors of 13580?
2, 5, 7, 97
What are the prime factors of 10029?
3, 3343
List the prime factors of 83220.
2, 3, 5, 19, 73
What are the prime factors of 29296?
2, 1831
List the prime factors of 600.
2, 3, 5
List the prime factors of 1101.
3, 367
What are the prime factors of 1224?
2, 3, 17
List the prime factors of 3625.
5, 29
List the prime factors of 28974.
2, 3, 11, 439
List the prime factors of 4199.
13, 17, 19
List the prime factors of 14543.
14543
List the prime factors of 10821.
3, 3607
List the prime factors of 2467.
2467
What are the prime factors of 429?
3, 11, 13
List the prime factors of 2564.
2, 641
List the prime factors of 33285.
3, 5, 7, 317
What are the prime factors of 649?
11, 59
List the prime factors of 103246.
2, 11, 13, 19
What are the prime factors of 28875?
3, 5, 7, 11
What are the prime factors of 112165?
5, 22433
What are the prime factors of 1677?
3, 13, 43
List the prime factors of 20200.
2, 5, 101
What are the prime factors of 15191?
11, 1381
What are the prime factors of 4241?
4241
What are the prime factors of 4329?
3, 13, 37
List the prime factors of 1364.
2, 11, 31
What are the prime factors of 12963?
3, 29, 149
What are the prime factors of 23627?
23627
List the prime factors of 4348.
2, 1087
What are the prime factors of 61167?
3, 20389
What are the prime factors of 7774?
2, 13, 23
What are the prime factors of 5382?
2, 3, 13, 23
What are the prime factors of 1709?
1709
List the prime factors of 8906.
2, 61, 73
List the prime factors of 31115.
5, 7, 127
What are the prime factors of 5347?
5347
What are the prime factors of 4062?
2, 3, 677
What are the prime factors of 4560?
2, 3, 5, 19
What are the prime factors of 6325?
5, 11, 23
List the prime factors of 77806.
2, 38903
List the prime factors of 5629.
13, 433
List the prime factors of 1463.
7, 11, 19
What are the prime factors of 1449?
3, 7, 23
List the prime factors of 140575.
5, 5623
What are the prime factors of 26559?
3, 13, 227
List the prime factors of 67.
67
What are the prime factors of 8526?
2, 3, 7, 29
What are the prime factors of 8206?
2, 11, 373
List the prime factors of 10767.
3, 37, 97
List the prime factors of 59694.
2, 3, 9949
What are the prime factors of 1244?
2, 311
List the prime factors of 36416.
2, 569
List the prime factors of 58229.
58229
What are the prime factors of 237?
3, 79
What are the prime factors of 3541?
3541
List the prime factors of 43.
43
What are the prime factors of 954?
2, 3, 53
What are the prime factors of 45714?
2, 3, 19, 401
List the prime factors of 3629.
19, 191
List the prime factors of 1500.
2, 3, 5
What are the prime factors of 3638?
2, 17, 107
What are the prime factors of 84433?
23, 3671
What are the prime factors of 4254?
2, 3, 709
What are the prime factors of 536?
2, 67
List the prime factors of 30969.
3, 31, 37
List the prime factors of 92071.
7, 1879
List the prime factors of 4458.
2, 3, 743
What are the prime factors of 10931?
17, 643
List the prime factors of 60932.
2, 15233
List the prime factors of 740.
2, 5, 37
List the prime factors of 3428.
2, 857
What are the prime factors of 22550?
2, 5, 11, 41
List the prime factors of 55922.
2, 27961
List the prime factors of 59176.
2, 13, 569
What are the prime factors of 10337?
10337
List the prime factors of 49126.
2, 7, 11, 29
What are the prime factors of 25138?
2, 12569
List the prime factors of 55971.
3, 691
List the prime factors of 1606.
2, 11, 73
List the prime factors of 6677.
11, 607
What are the prime factors of 72365?
5, 41, 353
List the prime factors of 2848.
2, 89
What are the prime factors of 2255?
5, 11, 41
List the prime factors of 5483.
5483
What are the prime factors of 18158?
2, 7, 1297
List the prime factors of 3387.
3, 1129
What are the prime factors of 468?
2, 3, 13
List the prime factors of 23188.
2, 11, 17, 31
List the prime factors of 8769.
3, 37, 79
What are the prime factors of 25089?
3, 8363
List the prime factors of 38385.
3, 5, 853
List the prime factors of 393.
3, 131
What are the prime factors of 328?
2, 41
List the prime factors of 107166.
2, 3, 53, 337
List the prime factors of 42089.
42089
List the prime factors of 4164.
2, 3, 347
What are the prime factors of 13320?
2, 3, 5, 37
What are the prime factors of 60069?
3, 20023
List the prime factors of 21971.
127, 173
What are the prime factors of 4898?
2, 31, 79
List the prime factors of 867.
3, 17
List the prime factors of 1050.
2, 3, 5, 7
List the prime factors of 149.
149
List the prime factors of 12890.
2, 5, 1289
List the prime factors of 160242.
2, 3, 17, 